{"id":137,"date":"2014-09-07T21:30:38","date_gmt":"2014-09-07T19:30:38","guid":{"rendered":"http:\/\/wp.dev\/total-business-1\/?page_id=137"},"modified":"2024-10-29T10:39:40","modified_gmt":"2024-10-29T09:39:40","slug":"om-os","status":"publish","type":"page","link":"https:\/\/communiko.dk\/index.php\/om-os\/","title":{"rendered":"Om os"},"content":{"rendered":"[vc_row center_row=&#8221;yes&#8221; bg_color=&#8221;#f1f1f4&#8243; padding_top=&#8221;40px&#8221; margin_bottom=&#8221;40px&#8221;][vc_column][vc_column_text]\n<p style=\"text-align: center;\"><span style=\"font-size: 24px;\">Vi er et lille, kompetent team!<br \/>\nDet sikrer et dedikeret, personligt samarbejde og skr\u00e6ddersyede l\u00f8sninger.<\/span>[\/vc_column_text][\/vc_column][\/vc_row][vc_row center_row=&#8221;yes&#8221; border_style=&#8221;solid&#8221;][vc_column width=&#8221;1\/3&#8243;][vc_single_image image=&#8221;578&#8243;][\/vc_column][vc_column width=&#8221;2\/3&#8243;][vc_column_text]<span style=\"font-size: 24px; font-weight: 300; color: #181e26;\">Kasper Rander, medie-aficionado<\/span><\/p>\n<p class=\"p1\">Uddannet journalist (2010), l\u00e6rer (1996) og har desuden l\u00e6st Film- og TV- Kundskab som sidefag p\u00e5 Jysk \u00c5bent Universitet.<br \/>\nKasper har tidligere arbejdet som h\u00f8jskolel\u00e6rer indenfor mediefag, som undervisningskonsulent hos Insero, og som p\u00e6dagogisk IT-vejleder hos VIA.<\/p>\n<p class=\"p1\">Kasper st\u00e5r for alt det tekniske med hjemmesider, foto- og videooptagelse, redigering, hvidbalance, filkonvertering osv. osv.<\/p>\n<p class=\"p1\">Mail til Kasper p\u00e5: kas<!-- abc@def -->per@com<!-- @abc.com -->muniko.dk<\/p>\n[\/vc_column_text][\/vc_column][\/vc_row][vc_row center_row=&#8221;yes&#8221;][vc_column width=&#8221;1\/3&#8243;][vc_single_image image=&#8221;577&#8243;][\/vc_column][vc_column width=&#8221;2\/3&#8243;][vc_column_text]<span style=\"font-size: 24px; font-weight: 300; color: #181e26;\">Claus Rickers, sprogkyndig kamerafyr<br \/>\n<\/span><\/p>\n<p class=\"p1\">Uddannet journalist fra Journalisth\u00f8jskolen (2001) og uddannet l\u00e6rer (1995).<br \/>\nClaus har mange \u00e5rs erfaring som sprogl\u00e6rer i flere forskellige sammenh\u00e6nge.<\/p>\n<p>Hos Communiko er det Claus, der st\u00e5r for det fagdidaktiske arbejde, n\u00e5r det kommer til at lave kvalificeret sprogundervisningsmateriale.<br \/>\nClaus laver desuden drejeb\u00f8ger til filmproduktionerne, han er dronepilot og er ogs\u00e5 bag kameraet, n\u00e5r vi er p\u00e5 optagelse.<\/p>\n<p class=\"p1\">Mail til Claus p\u00e5: cla<!-- abc@def -->us@com<!-- @abc.com -->muniko.dk<\/p>\n[\/vc_column_text][\/vc_column][\/vc_row][vc_row center_row=&#8221;yes&#8221; css=&#8221;.vc_custom_1557074087072{margin-bottom: 40px !important;padding-top: 40px !important;background-color: #f1f1f4 !important;}&#8221;][vc_column width=&#8221;1\/6&#8243;][\/vc_column][vc_column width=&#8221;2\/3&#8243;][vc_column_text]\n<h2 style=\"text-align: center;\">Hvorfor &#8220;Communiko&#8221;..?<\/h2>\n<p class=\"p1\">Descartes sagde &#8220;Cogito, ergo sum&#8221; (Jeg t\u00e6nker, alts\u00e5 er jeg) og mente med det, at fordi han t\u00e6nkte, kunne han v\u00e6re sikker p\u00e5, at han var til.<br \/>\nMen dybest set kunne han jo alts\u00e5 kun v\u00e6re sikker p\u00e5, at <em>han selv<\/em> var til, og det var m\u00e5ske ikke en speciel interessant verden at v\u00e6re til i\u2026<br \/>\nSkal vi v\u00e6re sikre p\u00e5, at vi er her \u2013 og at vi ikke er helt alene om det \u2013 skal vi interagere med andre.<br \/>\nDerfor har vi omskrevet Descartes\u2019 s\u00e6tning til <strong>&#8220;Communiko, ergo sum&#8221;<\/strong> (Jeg kommunikerer, alts\u00e5 er jeg*), fordi vi mener, at kommunikation er foruds\u00e6tningen for, at vi har en meningsfuld verden at v\u00e6re til i.<\/p>\n<p class=\"p1\">Kommunikation og formidling er vores \u00e9t og alt. Skal du have noget ud i verden, s\u00e5 tag fat i os.<\/p>\n<hr \/>\n<p>* Det er nok ikke helt korrekt latin, men til geng\u00e6ld matcher s\u00e6tningen fint vores logo.[\/vc_column_text][\/vc_column][vc_column width=&#8221;1\/6&#8243;][\/vc_column][\/vc_row]\n","protected":false},"excerpt":{"rendered":"<p>[vc_row center_row=&#8221;yes&#8221; bg_color=&#8221;#f1f1f4&#8243; padding_top=&#8221;40px&#8221; margin_bottom=&#8221;40px&#8221;][vc_column][vc_column_text] Vi er et lille, kompetent team! Det sikrer et dedikeret, personligt samarbejde og skr\u00e6ddersyede l\u00f8sninger.[\/vc_column_text][\/vc_column][\/vc_row][vc_row center_row=&#8221;yes&#8221; border_style=&#8221;solid&#8221;][vc_column width=&#8221;1\/3&#8243;][vc_single_image image=&#8221;578&#8243;][\/vc_column][vc_column width=&#8221;2\/3&#8243;][vc_column_text]Kasper Rander, medie-aficionado Uddannet journalist (2010), l\u00e6rer (1996) og har desuden l\u00e6st Film- og TV- Kundskab&hellip;<\/p>\n","protected":false},"author":2,"featured_media":0,"parent":0,"menu_order":0,"comment_status":"closed","ping_status":"closed","template":"","meta":{"footnotes":""},"class_list":["post-137","page","type-page","status-publish","hentry","entry","no-media"],"jetpack_sharing_enabled":true,"_links":{"self":[{"href":"https:\/\/communiko.dk\/index.php\/wp-json\/wp\/v2\/pages\/137","targetHints":{"allow":["GET"]}}],"collection":[{"href":"https:\/\/communiko.dk\/index.php\/wp-json\/wp\/v2\/pages"}],"about":[{"href":"https:\/\/communiko.dk\/index.php\/wp-json\/wp\/v2\/types\/page"}],"author":[{"embeddable":true,"href":"https:\/\/communiko.dk\/index.php\/wp-json\/wp\/v2\/users\/2"}],"replies":[{"embeddable":true,"href":"https:\/\/communiko.dk\/index.php\/wp-json\/wp\/v2\/comments?post=137"}],"version-history":[{"count":30,"href":"https:\/\/communiko.dk\/index.php\/wp-json\/wp\/v2\/pages\/137\/revisions"}],"predecessor-version":[{"id":665,"href":"https:\/\/communiko.dk\/index.php\/wp-json\/wp\/v2\/pages\/137\/revisions\/665"}],"wp:attachment":[{"href":"https:\/\/communiko.dk\/index.php\/wp-json\/wp\/v2\/media?parent=137"}],"curies":[{"name":"wp","href":"https:\/\/api.w.org\/{rel}","templated":true}]}}

[vc_row center_row=&#8221;yes&#8221; bg_color=&#8221;#f1f1f4&#8243; padding_top=&#8221;40px&#8221; margin_bottom=&#8221;40px&#8221;][vc_column][vc_column_text]
<p style="text-align: center;"><span style="font-size: 24px;">Vi er et lille, kompetent team!<br />
Det sikrer et dedikeret, personligt samarbejde og skræddersyede løsninger.</span>[/vc_column_text][/vc_column][/vc_row][vc_row center_row=&#8221;yes&#8221; border_style=&#8221;solid&#8221;][vc_column width=&#8221;1/3&#8243;][vc_single_image image=&#8221;578&#8243;][/vc_column][vc_column width=&#8221;2/3&#8243;][vc_column_text]<span style="font-size: 24px; font-weight: 300; color: #181e26;">Kasper Rander, medie-aficionado</span></p>
<p class="p1">Uddannet journalist (2010), lærer (1996) og har desuden læst Film- og TV- Kundskab som sidefag på Jysk Åbent Universitet.<br />
Kasper har tidligere arbejdet som højskolelærer indenfor mediefag, som undervisningskonsulent hos Insero, og som pædagogisk IT-vejleder hos VIA.</p>
<p class="p1">Kasper står for alt det tekniske med hjemmesider, foto- og videooptagelse, redigering, hvidbalance, filkonvertering osv. osv.</p>
<p class="p1">Mail til Kasper på: kas<!-- abc@def -->per@com<!-- @abc.com -->muniko.dk</p>
[/vc_column_text][/vc_column][/vc_row][vc_row center_row=&#8221;yes&#8221;][vc_column width=&#8221;1/3&#8243;][vc_single_image image=&#8221;577&#8243;][/vc_column][vc_column width=&#8221;2/3&#8243;][vc_column_text]<span style="font-size: 24px; font-weight: 300; color: #181e26;">Claus Rickers, sprogkyndig kamerafyr<br />
</span></p>
<p class="p1">Uddannet journalist fra Journalisthøjskolen (2001) og uddannet lærer (1995).<br />
Claus har mange års erfaring som sproglærer i flere forskellige sammenhænge.</p>
<p>Hos Communiko er det Claus, der står for det fagdidaktiske arbejde, når det kommer til at lave kvalificeret sprogundervisningsmateriale.<br />
Claus laver desuden drejebøger til filmproduktionerne, han er dronepilot og er også bag kameraet, når vi er på optagelse.</p>
<p class="p1">Mail til Claus på: cla<!-- abc@def -->us@com<!-- @abc.com -->muniko.dk</p>
[/vc_column_text][/vc_column][/vc_row][vc_row center_row=&#8221;yes&#8221; css=&#8221;.vc_custom_1557074087072{margin-bottom: 40px !important;padding-top: 40px !important;background-color: #f1f1f4 !important;}&#8221;][vc_column width=&#8221;1/6&#8243;][/vc_column][vc_column width=&#8221;2/3&#8243;][vc_column_text]
<h2 style="text-align: center;">Hvorfor &#8220;Communiko&#8221;..?</h2>
<p class="p1">Descartes sagde &#8220;Cogito, ergo sum&#8221; (Jeg tænker, altså er jeg) og mente med det, at fordi han tænkte, kunne han være sikker på, at han var til.<br />
Men dybest set kunne han jo altså kun være sikker på, at <em>han selv</em> var til, og det var måske ikke en speciel interessant verden at være til i…<br />
Skal vi være sikre på, at vi er her – og at vi ikke er helt alene om det – skal vi interagere med andre.<br />
Derfor har vi omskrevet Descartes’ sætning til <strong>&#8220;Communiko, ergo sum&#8221;</strong> (Jeg kommunikerer, altså er jeg*), fordi vi mener, at kommunikation er forudsætningen for, at vi har en meningsfuld verden at være til i.</p>
<p class="p1">Kommunikation og formidling er vores ét og alt. Skal du have noget ud i verden, så tag fat i os.</p>
<hr />
<p>* Det er nok ikke helt korrekt latin, men til gengæld matcher sætningen fint vores logo.[/vc_column_text][/vc_column][vc_column width=&#8221;1/6&#8243;][/vc_column][/vc_row]

<p>[vc_row center_row=&#8221;yes&#8221; bg_color=&#8221;#f1f1f4&#8243; padding_top=&#8221;40px&#8221; margin_bottom=&#8221;40px&#8221;][vc_column][vc_column_text] Vi er et lille, kompetent team! Det sikrer et dedikeret, personligt samarbejde og skræddersyede løsninger.[/vc_column_text][/vc_column][/vc_row][vc_row center_row=&#8221;yes&#8221; border_style=&#8221;solid&#8221;][vc_column width=&#8221;1/3&#8243;][vc_single_image image=&#8221;578&#8243;][/vc_column][vc_column width=&#8221;2/3&#8243;][vc_column_text]Kasper Rander, medie-aficionado Uddannet journalist (2010), lærer (1996) og har desuden læst Film- og TV- Kundskab&hellip;</p>
