{"id":403,"date":"2014-09-09T19:35:21","date_gmt":"2014-09-09T17:35:21","guid":{"rendered":"http:\/\/totaltheme.wpengine.com\/flat\/?page_id=403"},"modified":"2019-05-05T22:38:50","modified_gmt":"2019-05-05T20:38:50","slug":"home","status":"publish","type":"page","link":"https:\/\/communiko.dk\/","title":{"rendered":"Forside"},"content":{"rendered":"[vc_row full_width=&#8221;stretch_row&#8221; css=&#8221;.vc_custom_1489540411881{padding-top: 60px !important;padding-bottom: 20px !important;background-color: #f1f1f4 !important;}&#8221;][vc_column][vc_custom_heading text=&#8221;Det siger vores kunder og brugere&#8221; font_container=&#8221;tag:h2|font_size:21px|text_align:center&#8221; google_fonts=&#8221;font_family:Roboto%20Slab%3A100%2C300%2Cregular%2C700|font_style:400%20regular%3A400%3Anormal&#8221; css=&#8221;.vc_custom_1557071543955{margin-bottom: 20px !important;}&#8221;]<div class=\"vcex-module vcex-divider vcex-divider-solid\" style=\"width:30px;margin-top:20px;margin-bottom:40px;border-top-width:2px;border-color:#252d3b;\"><\/div><div class=\"vcex-module vcex-testimonials-grid-wrap clr\"><div class=\"wpex-row vcex-testimonials-grid clr\"><div class=\"testimonial-entry vcex-grid-item span_1_of_2 col-1 col post-128 entry type-testimonials no-media\"><div class=\"testimonial-entry-content clr\"><span class=\"testimonial-caret\"><\/span><div class=\"testimonial-entry-details clr\"><p>Sundhedsdansk er et materiale der ikke bare l\u00e6rer indvandrere om et fantastisk relevant emne, men det l\u00e6rer dem ogs\u00e5 at tale bedre dansk.<br \/>\nVi har l\u00e6nge hungret efter denne type undervisningsmateriale.<br \/>\nJeg er meget begejstret.<\/p>\n<\/div><\/div><div class=\"testimonial-entry-bottom clr\"><div class=\"testimonial-entry-meta\"><span class=\"testimonial-entry-author entry-title\">Marie Elley<\/span><span class=\"testimonial-entry-company\">L\u00e6rer p\u00e5 Sprogcenter Nordvest, Hvals\u00f8.<\/span><\/div><\/div><\/div><div class=\"testimonial-entry vcex-grid-item span_1_of_2 col-2 col post-126 entry type-testimonials no-media\"><div class=\"testimonial-entry-content clr\"><span class=\"testimonial-caret\"><\/span><div class=\"testimonial-entry-details clr\"><p>Jeg har v\u00e6ret utrolig glad for samarbejdet. Det er et stort privilegie at arbejde sammen med nogle som jer, som har b\u00e5de stor p\u00e6dagogisk faglighed, stor kommunikationsfaglighed, IT-faglighed og m\u00e5lgruppekendskab. TAK.<\/p>\n<\/div><\/div><div class=\"testimonial-entry-bottom clr\"><div class=\"testimonial-entry-meta\"><span class=\"testimonial-entry-author entry-title\">Lone Hald<\/span><span class=\"testimonial-entry-company\">Konsulent, Prim\u00e6r Sundhed, Region Sj\u00e6lland.<\/span><\/div><\/div><\/div><\/div><\/div>[\/vc_column][\/vc_row][vc_row center_row=&#8221;yes&#8221; margin_top=&#8221;60px&#8221; margin_bottom=&#8221;20px&#8221;][vc_column width=&#8221;1\/3&#8243;]<div class=\"vcex-module vcex-icon-box clr vcex-icon-box-two\"><img loading=\"lazy\" decoding=\"async\" class=\"vcex-icon-box-image\" src=\"https:\/\/i0.wp.com\/communiko.dk\/wp-content\/uploads\/2014\/09\/imac.png?fit=128%2C128&#038;ssl=1\" alt='' data-no-retina width=\"128\" height=\"128\" \/><h2 class=\"vcex-icon-box-heading\" style=\"font-weight:500;font-size:21px;\">eLearning<\/h2><div class=\"vcex-icon-box-content clr\"><p>Vi laver eLearning m\u00e5lrettet nye danskere, der gerne vil beherske det danske sprog, for at kunne beg\u00e5 sig p\u00e5 arbejdsmarkedet og i det danske samfund som helhed.<\/p>\n<\/div><\/div>[\/vc_column][vc_column width=&#8221;1\/3&#8243;]<div class=\"vcex-module vcex-icon-box clr vcex-icon-box-two\"><img loading=\"lazy\" decoding=\"async\" class=\"vcex-icon-box-image\" src=\"https:\/\/i0.wp.com\/communiko.dk\/wp-content\/uploads\/2014\/09\/picture.png?fit=128%2C128&#038;ssl=1\" alt='' data-no-retina width=\"128\" height=\"128\" \/><h2 class=\"vcex-icon-box-heading\" style=\"font-weight:500;font-size:21px;\">Foto<\/h2><div class=\"vcex-icon-box-content clr\"><p>Et billede siger mere end tusinde ord, og vi laver b\u00e5de event-fotografering, portr\u00e6tfotos og selvf\u00f8lgelig en del billeder til vores \u00f8vrige arbejde med websites og eLearning.<\/p>\n<\/div><\/div>[\/vc_column][vc_column width=&#8221;1\/3&#8243;]<div class=\"vcex-module vcex-icon-box clr vcex-icon-box-two\"><img loading=\"lazy\" decoding=\"async\" class=\"vcex-icon-box-image\" src=\"https:\/\/i0.wp.com\/communiko.dk\/wp-content\/uploads\/2014\/09\/rocket.png?fit=128%2C128&#038;ssl=1\" alt='' data-no-retina width=\"128\" height=\"128\" \/><h2 class=\"vcex-icon-box-heading\" style=\"font-weight:500;font-size:21px;\">Grafik og animation<\/h2><div class=\"vcex-icon-box-content clr\"><p>Grafik og animation udg\u00f8r en stor del af visuel kommunikation, og vi skaber den \u00f8jef\u00e6ngende grafik, der skal til for at fange brugerens opm\u00e6rksomhed.<\/p>\n<\/div><\/div>[\/vc_column][\/vc_row][vc_row center_row=&#8221;yes&#8221; margin_top=&#8221;60px&#8221; margin_bottom=&#8221;20px&#8221;][vc_column width=&#8221;1\/3&#8243;]<div class=\"vcex-module vcex-icon-box clr vcex-icon-box-two\"><img loading=\"lazy\" decoding=\"async\" class=\"vcex-icon-box-image\" src=\"https:\/\/i0.wp.com\/communiko.dk\/wp-content\/uploads\/2019\/05\/pencil_flat.png?fit=128%2C128&#038;ssl=1\" alt='' data-no-retina width=\"128\" height=\"128\" \/><h2 class=\"vcex-icon-box-heading\" style=\"font-weight:500;font-size:21px;\">Tekst<\/h2><div class=\"vcex-icon-box-content clr\"><p>Tekst er en uundv\u00e6rlig del af enhver kommunikation, og da 100% af vores team har en journalistisk baggrund, kan vi skrive dit budskab i alle formater.<\/p>\n<\/div><\/div>[\/vc_column][vc_column width=&#8221;1\/3&#8243;]<div class=\"vcex-module vcex-icon-box clr vcex-icon-box-two\"><img loading=\"lazy\" decoding=\"async\" class=\"vcex-icon-box-image\" src=\"https:\/\/i0.wp.com\/communiko.dk\/wp-content\/uploads\/2019\/05\/imac_www.png?fit=128%2C128&#038;ssl=1\" alt='' data-no-retina width=\"128\" height=\"128\" \/><h2 class=\"vcex-icon-box-heading\" style=\"font-weight:500;font-size:21px;\">Websites<\/h2><div class=\"vcex-icon-box-content clr\"><p>Vi laver cms-websites med anerkendte systemer som WordPress og Joomla. Du kan selv vedligeholde din nye hjemmeside &#8211; eller lave en aftale med os, s\u00e5 vi s\u00f8rger for b\u00e5de \u00e6ndringer og opdateringer.<\/p>\n<\/div><\/div>[\/vc_column][vc_column width=&#8221;1\/3&#8243;]<div class=\"vcex-module vcex-icon-box clr vcex-icon-box-two\"><img loading=\"lazy\" decoding=\"async\" class=\"vcex-icon-box-image\" src=\"https:\/\/i0.wp.com\/communiko.dk\/wp-content\/uploads\/2014\/09\/3d.png?fit=128%2C128&#038;ssl=1\" alt='' data-no-retina width=\"128\" height=\"128\" \/><h2 class=\"vcex-icon-box-heading\" style=\"font-weight:500;font-size:21px;\">Film<\/h2><div class=\"vcex-icon-box-content clr\"><p>Meget af vores arbejde bruger filmmediet som omdrejningspunkt. Vi har ogs\u00e5 lavet et par dokumentarfilm i vores r\u00e6kke af film om gamle h\u00e5ndv\u00e6rk.<\/p>\n<\/div><\/div>[\/vc_column][\/vc_row][vc_row full_width=&#8221;stretch_row&#8221; content_placement=&#8221;bottom&#8221; css=&#8221;.vc_custom_1489540632721{padding-top: 40px !important;background-color: #f1f1f4 !important;}&#8221;][vc_column width=&#8221;3\/4&#8243;][vc_column_text]<span style=\"font-size: 21px;\">Har du et projekt med sprogundervisning, web eller et andet medieprodukt?<\/span><br \/>\n<span style=\"font-size: 21px;\"> Kontakt os for et m\u00f8de \u2013 s\u00e5 finder vi en god l\u00f8sning.<\/span>[\/vc_column_text][\/vc_column][vc_column width=&#8221;1\/4&#8243;]<div class=\"theme-button-expanded-wrap theme-button-wrap clr\"><a href=\"https:\/\/communiko.dk\/index.php\/kontakt\/\" title=\"Kontakt os\" class=\"vcex-button theme-button flat teal align-left expanded animate-on-hover expanded\" style=\"background:#179e83;font-size:16px;font-weight:400;\" data-wpex-hover='{\"background\":\"#252d3b\"}'><span class=\"theme-button-inner\">Kontakt os<\/span><\/a><\/div> [\/vc_column][\/vc_row][vc_row full_width=&#8221;stretch_row&#8221; disable_element=&#8221;yes&#8221; css=&#8221;.vc_custom_1557071745286{padding-top: 40px !important;background-color: #f1f1f4 !important;}&#8221;][vc_column][vc_custom_heading text=&#8221;Why Are you Waiting? Get Started With Total Today!&#8221; font_container=&#8221;tag:h2|font_size:21px|text_align:center&#8221; google_fonts=&#8221;font_family:Roboto%20Slab%3A100%2C300%2Cregular%2C700|font_style:400%20regular%3A400%3Anormal&#8221;]<div class=\"vcex-spacing\" style=\"height:20px\"><\/div><div class=\"textcenter theme-button-wrap clr\"><a href=\"http:\/\/themeforest.net\/item\/total-responsive-multipurpose-wordpress-theme\/6339019?ref=WPExplorer\" title=\"Purchase Total\" class=\"vcex-button theme-button three-d black align-center inline animate-on-hover\" target=\"_blank\" style=\"background:#1bbc9b;font-size:14px;letter-spacing:0.6px;border-radius:4px;\" data-wpex-hover='{\"background\":\"#179e83\"}'><span class=\"theme-button-inner\">Purchase Total<\/span><\/a><\/div> [\/vc_column][\/vc_row]\n","protected":false},"excerpt":{"rendered":"<p>[vc_row full_width=&#8221;stretch_row&#8221; css=&#8221;.vc_custom_1489540411881{padding-top: 60px !important;padding-bottom: 20px !important;background-color: #f1f1f4 !important;}&#8221;][vc_column][vc_custom_heading text=&#8221;Det siger vores kunder og brugere&#8221; font_container=&#8221;tag:h2|font_size:21px|text_align:center&#8221; google_fonts=&#8221;font_family:Roboto%20Slab%3A100%2C300%2Cregular%2C700|font_style:400%20regular%3A400%3Anormal&#8221; css=&#8221;.vc_custom_1557071543955{margin-bottom: 20px !important;}&#8221;][\/vc_column][\/vc_row][vc_row center_row=&#8221;yes&#8221; margin_top=&#8221;60px&#8221; margin_bottom=&#8221;20px&#8221;][vc_column width=&#8221;1\/3&#8243;][\/vc_column][vc_column width=&#8221;1\/3&#8243;][\/vc_column][vc_column width=&#8221;1\/3&#8243;][\/vc_column][\/vc_row][vc_row center_row=&#8221;yes&#8221; margin_top=&#8221;60px&#8221; margin_bottom=&#8221;20px&#8221;][vc_column width=&#8221;1\/3&#8243;][\/vc_column][vc_column width=&#8221;1\/3&#8243;][\/vc_column][vc_column width=&#8221;1\/3&#8243;][\/vc_column][\/vc_row][vc_row full_width=&#8221;stretch_row&#8221; content_placement=&#8221;bottom&#8221; css=&#8221;.vc_custom_1489540632721{padding-top: 40px !important;background-color: #f1f1f4 !important;}&#8221;][vc_column width=&#8221;3\/4&#8243;][vc_column_text]Har&hellip;<\/p>\n","protected":false},"author":2,"featured_media":0,"parent":0,"menu_order":0,"comment_status":"closed","ping_status":"closed","template":"","meta":{"footnotes":""},"class_list":["post-403","page","type-page","status-publish","hentry","entry","no-media"],"jetpack_sharing_enabled":true,"_links":{"self":[{"href":"https:\/\/communiko.dk\/index.php\/wp-json\/wp\/v2\/pages\/403","targetHints":{"allow":["GET"]}}],"collection":[{"href":"https:\/\/communiko.dk\/index.php\/wp-json\/wp\/v2\/pages"}],"about":[{"href":"https:\/\/communiko.dk\/index.php\/wp-json\/wp\/v2\/types\/page"}],"author":[{"embeddable":true,"href":"https:\/\/communiko.dk\/index.php\/wp-json\/wp\/v2\/users\/2"}],"replies":[{"embeddable":true,"href":"https:\/\/communiko.dk\/index.php\/wp-json\/wp\/v2\/comments?post=403"}],"version-history":[{"count":13,"href":"https:\/\/communiko.dk\/index.php\/wp-json\/wp\/v2\/pages\/403\/revisions"}],"predecessor-version":[{"id":563,"href":"https:\/\/communiko.dk\/index.php\/wp-json\/wp\/v2\/pages\/403\/revisions\/563"}],"wp:attachment":[{"href":"https:\/\/communiko.dk\/index.php\/wp-json\/wp\/v2\/media?parent=403"}],"curies":[{"name":"wp","href":"https:\/\/api.w.org\/{rel}","templated":true}]}}